{"id":709,"date":"2018-02-28T11:18:15","date_gmt":"2018-02-28T11:18:15","guid":{"rendered":"http:\/\/www.modilec.com\/?page_id=709"},"modified":"2020-06-01T19:20:49","modified_gmt":"2020-06-01T19:20:49","slug":"empresa-2","status":"publish","type":"page","link":"http:\/\/www.modilec.com\/?lang=ca","title":{"rendered":"Serveis"},"content":{"rendered":"\n<table class=\"aligncenter taula\">\n<tbody>\n<tr style=\"height: 44px;\">\n<td style=\"width: 44px;\"><img loading=\"lazy\" class=\"alignnone wp-image-143 size-full\" src=\"http:\/\/www.modilec.com\/wp-content\/uploads\/2014\/07\/mes.png\" alt=\"-\" width=\"44\" height=\"44\"><\/td>\n<td style=\"font-size: 18pt; text-align: left; width: 369px;\"><b class=\"canvi\">Hist\u00f2ria<\/b><\/td>\n<td style=\"width: 44px;\"><img loading=\"lazy\" class=\"alignnone wp-image-143 size-full\" src=\"http:\/\/modilec.com\/wp-content\/uploads\/2014\/07\/mes.png\" alt=\"-\" width=\"44\" height=\"44\"><\/td>\n<td style=\"font-size: 18pt; text-align: left; width: 369px;\"><b class=\"canvi\">Professionalitat<\/b><\/td>\n<td style=\"width: 44px;\"><img loading=\"lazy\" class=\"alignnone wp-image-143 size-full\" src=\"http:\/\/modilec.com\/wp-content\/uploads\/2014\/07\/mes.png\" alt=\"-\" width=\"44\" height=\"44\"><\/td>\n<td style=\"font-size: 18pt; text-align: left; width: 369px;\"><b class=\"canvi\">Tecnologia<\/b><\/td>\n<\/tr>\n<tr>\n<td rowspan=\"2\"><\/td>\n<td><img loading=\"lazy\" class=\"alignbarra\" src=\"http:\/\/modilec.com\/wp-content\/uploads\/2014\/07\/barra2.png\" alt=\"-\" width=\"214\" height=\"8\"><\/td>\n<td rowspan=\"2\"><\/td>\n<td><img loading=\"lazy\" class=\"alignbarra\" src=\"http:\/\/modilec.com\/wp-content\/uploads\/2014\/07\/barra2.png\" alt=\"barra2\" width=\"214\" height=\"8px\"><\/td>\n<td rowspan=\"2\"><\/td>\n<td><img loading=\"lazy\" class=\"alignbarra\" src=\"http:\/\/modilec.com\/wp-content\/uploads\/2014\/07\/barra2.png\" alt=\"barra2\" width=\"214\" height=\"8px\"><\/td>\n<\/tr>\n<tr>\n<td style=\"font-size: 14px; text-align: justify; line-height: 15px; margin-top: 6px; color: #404040;\">La nostra empresa va ser fundada l&#8217;any 1980. Durant tots aquests anys. el nostre recorregut \u00e9s el fonament d&#8217;una llarga experi\u00e8ncia professional, la qual ens ha perm\u00e8s ser reconeguts en el sector. Aix\u00ed mateix, el nostre recorregut \u00e9s l&#8217;empremta d&#8217;una constatada qualitat en les diverses feines realitzades. Treballant sempre en l&#8217;\u00e0mbit de les instal\u00b7lacions industrials, dom\u00e8stiques i comercials, les nostres col\u00b7laboracions tant a nivell nacional com internacional s\u00f3n ampliament conegudes i valorades.<\/td>\n<td style=\"font-size: 14px; text-align: justify; line-height: 15px; margin-top: -34px; color: #404040;\" valign=\"top\">El nostre objectiu i m\u00e0xim comprom\u00eds sempre ha estat assegurar la confian\u00e7a i satisfacci\u00f3 dels nostres clients. Tots els nostres professionals es presenten amb qualificacions constatades, garantint l&#8217;efic\u00e0cia i la realitzaci\u00f3 d&#8217;una feina excel\u00b7lent als nivells m\u00e9s alts de qualitat.<\/td>\n<td style=\"font-size: 14px; text-align: justify; line-height: 15px; margin-top: -49px; color: #404040;\" valign=\"top\">L&#8217;\u00fas de noves tecnologies ens permet assolir reptes en gran diversitat d&#8217;\u00e0mbits i aplicacions. Aquestes tecnologies, afegides a l&#8217;\u00fas dels materials m\u00e9s adients i de la millor qualitat, ens garanteixen la realitzaci\u00f3 amb \u00e8xit de cada treball, i ens permeten donar la millor resposta a les necessitats dels nostres clients.<\/td>\n<\/tr>\n<\/tbody>\n<\/table>\n","protected":false},"excerpt":{"rendered":"<p>Hist\u00f2ria Professionalitat Tecnologia La nostra empresa va ser fundada l&#8217;any 1980. Durant tots aquests anys. el nostre recorregut \u00e9s el fonament d&#8217;una llarga experi\u00e8ncia professional, la qual ens ha perm\u00e8s ser reconeguts en el sector. Aix\u00ed mateix, el nostre recorregut \u00e9s l&#8217;empremta d&#8217;una constatada qualitat en les diverses feines realitzades. Treballant sempre en l&#8217;\u00e0mbit de&#8230;<\/p>\n","protected":false},"author":1,"featured_media":0,"parent":0,"menu_order":1,"comment_status":"closed","ping_status":"closed","template":"","meta":[],"_links":{"self":[{"href":"http:\/\/www.modilec.com\/?lang=ca%2Findex.php&rest_route=\/wp\/v2\/pages\/709"}],"collection":[{"href":"http:\/\/www.modilec.com\/?lang=ca%2Findex.php&rest_route=\/wp\/v2\/pages"}],"about":[{"href":"http:\/\/www.modilec.com\/?lang=ca%2Findex.php&rest_route=\/wp\/v2\/types\/page"}],"author":[{"embeddable":true,"href":"http:\/\/www.modilec.com\/?lang=ca%2Findex.php&rest_route=\/wp\/v2\/users\/1"}],"replies":[{"embeddable":true,"href":"http:\/\/www.modilec.com\/?lang=ca%2Findex.php&rest_route=%2Fwp%2Fv2%2Fcomments&post=709"}],"version-history":[{"count":13,"href":"http:\/\/www.modilec.com\/?lang=ca%2Findex.php&rest_route=\/wp\/v2\/pages\/709\/revisions"}],"predecessor-version":[{"id":865,"href":"http:\/\/www.modilec.com\/?lang=ca%2Findex.php&rest_route=\/wp\/v2\/pages\/709\/revisions\/865"}],"wp:attachment":[{"href":"http:\/\/www.modilec.com\/?lang=ca%2Findex.php&rest_route=%2Fwp%2Fv2%2Fmedia&parent=709"}],"curies":[{"name":"wp","href":"https:\/\/api.w.org\/{rel}","templated":true}]}}

<table class="aligncenter taula">
<tbody>
<tr style="height: 44px;">
<td style="width: 44px;"><img loading="lazy" class="alignnone wp-image-143 size-full" src="http://www.modilec.com/wp-content/uploads/2014/07/mes.png" alt="-" width="44" height="44"></td>
<td style="font-size: 18pt; text-align: left; width: 369px;"><b class="canvi">Història</b></td>
<td style="width: 44px;"><img loading="lazy" class="alignnone wp-image-143 size-full" src="http://modilec.com/wp-content/uploads/2014/07/mes.png" alt="-" width="44" height="44"></td>
<td style="font-size: 18pt; text-align: left; width: 369px;"><b class="canvi">Professionalitat</b></td>
<td style="width: 44px;"><img loading="lazy" class="alignnone wp-image-143 size-full" src="http://modilec.com/wp-content/uploads/2014/07/mes.png" alt="-" width="44" height="44"></td>
<td style="font-size: 18pt; text-align: left; width: 369px;"><b class="canvi">Tecnologia</b></td>
</tr>
<tr>
<td rowspan="2"></td>
<td><img loading="lazy" class="alignbarra" src="http://modilec.com/wp-content/uploads/2014/07/barra2.png" alt="-" width="214" height="8"></td>
<td rowspan="2"></td>
<td><img loading="lazy" class="alignbarra" src="http://modilec.com/wp-content/uploads/2014/07/barra2.png" alt="barra2" width="214" height="8px"></td>
<td rowspan="2"></td>
<td><img loading="lazy" class="alignbarra" src="http://modilec.com/wp-content/uploads/2014/07/barra2.png" alt="barra2" width="214" height="8px"></td>
</tr>
<tr>
<td style="font-size: 14px; text-align: justify; line-height: 15px; margin-top: 6px; color: #404040;">La nostra empresa va ser fundada l&#8217;any 1980. Durant tots aquests anys. el nostre recorregut és el fonament d&#8217;una llarga experiència professional, la qual ens ha permès ser reconeguts en el sector. Així mateix, el nostre recorregut és l&#8217;empremta d&#8217;una constatada qualitat en les diverses feines realitzades. Treballant sempre en l&#8217;àmbit de les instal·lacions industrials, domèstiques i comercials, les nostres col·laboracions tant a nivell nacional com internacional són ampliament conegudes i valorades.</td>
<td style="font-size: 14px; text-align: justify; line-height: 15px; margin-top: -34px; color: #404040;" valign="top">El nostre objectiu i màxim compromís sempre ha estat assegurar la confiança i satisfacció dels nostres clients. Tots els nostres professionals es presenten amb qualificacions constatades, garantint l&#8217;eficàcia i la realització d&#8217;una feina excel·lent als nivells més alts de qualitat.</td>
<td style="font-size: 14px; text-align: justify; line-height: 15px; margin-top: -49px; color: #404040;" valign="top">L&#8217;ús de noves tecnologies ens permet assolir reptes en gran diversitat d&#8217;àmbits i aplicacions. Aquestes tecnologies, afegides a l&#8217;ús dels materials més adients i de la millor qualitat, ens garanteixen la realització amb èxit de cada treball, i ens permeten donar la millor resposta a les necessitats dels nostres clients.</td>
</tr>
</tbody>
</table>

<p>Història Professionalitat Tecnologia La nostra empresa va ser fundada l&#8217;any 1980. Durant tots aquests anys. el nostre recorregut és el fonament d&#8217;una llarga experiència professional, la qual ens ha permès ser reconeguts en el sector. Així mateix, el nostre recorregut és l&#8217;empremta d&#8217;una constatada qualitat en les diverses feines realitzades. Treballant sempre en l&#8217;àmbit de&#8230;</p>
